s of 585841?
585841
List the prime factors of 1807518.
2, 3, 71, 4243
List the prime factors of 535661.
7, 59, 1297
What are the prime factors of 74774?
2, 7, 109
List the prime factors of 6113278.
2, 3056639
What are the prime factors of 4091301?
3, 499, 911
List the prime factors of 26381492.
2, 53, 107, 1163
List the prime factors of 2367821.
29, 81649
What are the prime factors of 3902699?
373, 10463
List the prime factors of 1338406.
2, 97, 6899
What are the prime factors of 31137285?
3, 5, 17, 23, 5309
What are the prime factors of 888984?
2, 3, 12347
What are the prime factors of 1451497?
263, 5519
What are the prime factors of 453778?
2, 13, 31, 563
What are the prime factors of 2258061?
3, 13, 57899
List the prime factors of 1269404.
2, 317351
What are the prime factors of 1394155?
5, 7, 61, 653
List the prime factors of 9130760.
2, 5, 67, 3407
What are the prime factors of 12641863?
13, 17, 57203
List the prime factors of 8192030.
2, 5, 7, 11, 10639
What are the prime factors of 21328630?
2, 5, 29, 73547
List the prime factors of 70807.
11, 41, 157
List the prime factors of 1563113.
31, 50423
What are the prime factors of 8140637?
17, 478861
List the prime factors of 826449.
3, 13, 21191
List the prime factors of 1844376.
2, 3, 31, 37, 67
List the prime factors of 2606849.
7, 53201
List the prime factors of 3566334.
2, 3, 23, 43, 601
List the prime factors of 9003504.
2, 3, 187573
List the prime factors of 129015.
3, 5, 47, 61
List the prime factors of 2799076.
2, 7, 14281
List the prime factors of 3382123.
3382123
List the prime factors of 477477.
3, 7, 11, 13, 53
What are the prime factors of 2246401?
313, 7177
What are the prime factors of 1693337?
19, 89123
List the prime factors of 382310.
2, 5, 38231
List the prime factors of 45953.
45953
List the prime factors of 552641.
149, 3709
List the prime factors of 12451220.
2, 5, 622561
What are the prime factors of 1793140?
2, 5, 89657
What are the prime factors of 259016?
2, 32377
List the prime factors of 1185992.
2, 148249
What are the prime factors of 627781?
7, 11, 31, 263
What are the prime factors of 3279126?
2, 3, 277, 1973
List the prime factors of 450884.
2, 7, 16103
List the prime factors of 5069025.
3, 5, 13, 1733
What are the prime factors of 525580?
2, 5, 11, 2389
What are the prime factors of 493508?
2, 123377
What are the prime factors of 6461?
7, 13, 71
What are the prime factors of 15663452?
2, 7, 71, 7879
What are the prime factors of 166937?
97, 1721
List the prime factors of 427360.
2, 5, 2671
What are the prime factors of 193578?
2, 3, 7, 11, 419
What are the prime factors of 540992?
2, 79, 107
List the prime factors of 23779242.
2, 3, 59, 22391
List the prime factors of 1583136.
2, 3, 23, 239
What are the prime factors of 3881358?
2, 3, 13, 19, 97
What are the prime factors of 18223130?
2, 5, 23, 79231
List the prime factors of 6799309.
11, 618119
List the prime factors of 331729.
23, 14423
What are the prime factors of 206758?
2, 19, 5441
What are the prime factors of 1940370?
2, 3, 5, 64679
What are the prime factors of 47847?
3, 41, 389
List the prime factors of 498390.
2, 3, 5, 37, 449
What are the prime factors of 269026?
2, 134513
What are the prime factors of 1757366?
2, 13, 257, 263
List the prime factors of 578861.
578861
List the prime factors of 226152.
2, 3, 349
List the prime factors of 17612154.
2, 3, 7, 31, 167
What are the prime factors of 3682019?
11, 89, 3761
What are the prime factors of 23836060?
2, 5, 863, 1381
What are the prime factors of 1409994?
2, 3, 26111
What are the prime factors of 228767?
7, 11, 2971
List the prime factors of 11304242.
2, 5652121
List the prime factors of 543743.
23, 47, 503
What are the prime factors of 112806?
2, 3, 2089
What are the prime factors of 6416961?
3, 2138987
List the prime factors of 456495.
3, 5, 13, 2341
List the prime factors of 1373758.
2, 686879
What are the prime factors of 757339?
11, 569
List the prime factors of 213073.
7, 61, 499
List the prime factors of 1001540.
2, 5, 50077
What are the prime factors of 110648?
2, 13831
List the prime factors of 197383.
197383
What are the prime factors of 5935972?
2, 7, 101, 2099
List the prime factors of 3936637.
107, 36791
What are the prime factors of 1668253?
1668253
List the prime factors of 4388205.
3, 5, 31, 9437
What are the prime factors of 6843319?
7, 647, 1511
What are the prime factors of 7751139?
3, 11, 131, 163
List the prime factors of 134669.
134669
What are the prime factors of 14751009?
3, 7, 13, 31, 83
What are the prime factors of 4391727?
3, 47, 31147
What are the prime factors of 63467?
63467
List the prime factors of 6164954.
2, 3082477
List the prime factors of 1340071.
1340071
What are the prime factors of 497741?
497741
List the prime factors of 226542.
2, 3, 17, 2221
List the prime factors of 8013339.
3, 890371
What are the prime factors of 174787?
277, 631
List the prime factors of 627859.
627859
What are the prime factors of 722561?
7, 109, 947
List the prime factors of 341055.
3, 5, 11, 13, 53
List the prime factors of 825469.
17, 59, 823
What are the prime factors of 542612?
2, 7, 19379
List the prime factors of 670869.
3, 24847
List the prime factors of 724688.
2, 45293
List the prime factors of 1185881.
107, 11083
What are the prime factors of 505261?
199, 2539
What are the prime factors of 138623?
67, 2069
What are the prime factors of 416109?
3, 17, 41, 199
What are the prime factors of 265051?
239, 1109
What are the prime factors of 7734794?
2, 139, 27823
List the prime factors of 3930396.
2, 3, 127, 2579
List the prime factors of 5496512.
2, 7, 12269
List the prime factors of 2922818.
2, 1461409
What are the prime factors of 768031?
11, 69821
What are the prime factors of 4329343?
1559, 2777
What are the prime factors of 47944?
2, 13, 461
List the prime factors of 11191453.
7, 13, 17569
What are the prime factors of 78670?
2, 5, 7867
List the prime factors of 197416.
2, 24677
What are the prime factors of 8134607?
13, 271, 2309
What are the prime factors of 3660226?
2, 1830113
List the prime factors of 3326625.
3, 5, 2957
List the prime factors of 124385.
5, 24877
What are the prime factors of 3585889?
19, 79, 2389
List the prime factors of 337443.
3, 112481
List the prime factors of 188876.
2, 23, 2053
What are the prime factors of 3479492?
2, 17, 51169
What are the prime factors of 12448521?
3, 1383169
What are the prime factors of 7341287?
547, 13421
What are the prime factors of 3127411?
7, 446773
What are the prime factors of 12224?
2, 191
List the prime factors of 1521482.
2, 19, 40039
List the prime factors of 1957795.
5, 7, 61, 131
What are the prime factors of 188206?
2, 139, 677
What are the prime factors of 2535182?
2, 13, 281, 347
List the prime factors of 2889794.
2, 1444897
List the prime factors of 5000848.
2, 312553
What are the prime factors of 7059456?
2, 3, 383
List the prime factors of 93099.
3, 31033
What are the prime factors of 3747688?
2, 7, 66923
List the prime factors of 17298.
2, 3, 31
List the prime factors of 31906754.
2, 11, 1450307
What are the prime factors of 7743313?
17, 455489
What are the prime factors of 315064?
2, 39383
What are the prime factors of 6496237?
11, 590567
List the prime factors of 17785687.
53, 335579
What are the prime factors of 16888345?
5, 107, 31567
What are the prime factors of 131655?
3, 5, 67, 131
List the prime factors of 3863972.
2, 7, 137999
List the prime factors of 275298.
2, 3, 17, 2699
What are the prime factors of 98464?
2, 17, 181
What are the prime factors of 1401804?
2, 3, 23, 1693
What are the prime factors of 1235604?
2, 3, 102967
What are the prime factors of 580482?
2, 3, 7, 17, 271
List the prime factors of 640450.
2, 5, 12809
What are the prime factors of 1564853?
1564853
What are the prime factors of 6122327?
6122327
List the prime factors of 1805521.
1805521
List the prime factors of 4049283.
3, 7, 41, 4703
List the prime factors of 15805890.
2, 3, 5, 175621
List the prime factors of 2279409.
3, 11, 69073
List the prime factors of 32434634.
2, 19, 853543
What are the prime factors of 110469?
3, 23, 1601
List the prime factors of 44691.
3, 14897
List the prime factors of 1904061.
3, 634687
What are the prime factors of 4775008?
2, 7, 21